is divided by 4860?
650
What is the remainder when 6118 is divided by 1002?
106
Calculate the remainder when 6195518 is divided by 313.
309
What is the remainder when 220498 is divided by 248?
26
What is the remainder when 77177 is divided by 12?
5
Calculate the remainder when 2677216 is divided by 1192.
1176
What is the remainder when 1420850 is divided by 710409?
32
What is the remainder when 133361 is divided by 133270?
91
What is the remainder when 1622921 is divided by 13?
1
What is the remainder when 131385 is divided by 564?
537
What is the remainder when 93619 is divided by 7577?
2695
What is the remainder when 162603867 is divided by 1595?
1592
What is the remainder when 8186493 is divided by 96?
93
What is the remainder when 39254669 is divided by 25?
19
What is the remainder when 1003669 is divided by 3534?
13
Calculate the remainder when 10097003 is divided by 12.
11
What is the remainder when 5009676 is divided by 492?
132
What is the remainder when 86980 is divided by 6913?
4024
What is the remainder when 1519203 is divided by 4869?
75
What is the remainder when 1030123 is divided by 465?
148
What is the remainder when 216114 is divided by 557?
555
What is the remainder when 7462192 is divided by 229?
227
What is the remainder when 11269151 is divided by 18474?
11
What is the remainder when 176114 is divided by 295?
294
Calculate the remainder when 21317421 is divided by 24.
21
Calculate the remainder when 1536633 is divided by 40.
33
What is the remainder when 10738241 is divided by 5133?
5
What is the remainder when 2953625 is divided by 79?
52
What is the remainder when 8258104 is divided by 27527?
4
Calculate the remainder when 18319221 is divided by 9409.
9307
What is the remainder when 117891747 is divided by 26?
25
What is the remainder when 219592 is divided by 36593?
34
Calculate the remainder when 96378 is divided by 3107.
61
What is the remainder when 35445189 is divided by 696?
693
What is the remainder when 69386953 is divided by 3651943?
36
What is the remainder when 3344221 is divided by 1162?
1147
What is the remainder when 455422 is divided by 56920?
62
What is the remainder when 174378578 is divided by 348061?
17
What is the remainder when 16417449 is divided by 33?
15
Calculate the remainder when 5816618 is divided by 259.
255
Calculate the remainder when 6504 is divided by 2043.
375
Calculate the remainder when 4988672 is divided by 639.
638
Calculate the remainder when 631207 is divided by 210374.
85
Calculate the remainder when 39317534 is divided by 578199.
2
What is the remainder when 3883388 is divided by 62?
18
Calculate the remainder when 2755134 is divided by 682.
536
Calculate the remainder when 225520 is divided by 6813.
691
Calculate the remainder when 64188207 is divided by 249.
240
What is the remainder when 141262133 is divided by 5871?
2
Calculate the remainder when 5887804 is divided by 255990.
34
Calculate the remainder when 179339 is divided by 6692.
5347
What is the remainder when 1599387 is divided by 199923?
3
Calculate the remainder when 20805647 is divided by 99.
5
Calculate the remainder when 9621784 is divided by 1302.
4
What is the remainder when 4116889 is divided by 1474?
7
Calculate the remainder when 2570778 is divided by 642665.
118
What is the remainder when 135551 is divided by 289?
10
Calculate the remainder when 8292019 is divided by 150.
19
Calculate the remainder when 27285662 is divided by 419779.
27
What is the remainder when 168210 is divided by 32?
18
What is the remainder when 91756616 is divided by 15?
11
Calculate the remainder when 4212465 is divided by 2230.
2225
What is the remainder when 6086957 is divided by 3043473?
11
Calculate the remainder when 29820 is divided by 973.
630
Calculate the remainder when 4734635 is divided by 3254.
65
Calculate the remainder when 26395815 is divided by 60.
15
What is the remainder when 13022600 is divided by 1037?
991
Calculate the remainder when 849579 is divided by 33.
27
Calculate the remainder when 4204522 is divided by 3176.
2674
What is the remainder when 658315 is divided by 26?
21
Calculate the remainder when 5623 is divided by 1859.
46
Calculate the remainder when 48073 is divided by 1716.
25
Calculate the remainder when 33030659 is divided by 102.
101
What is the remainder when 1958848 is divided by 4411?
364
What is the remainder when 147821 is divided by 73841?
139
Calculate the remainder when 2225373 is divided by 802.
625
Calculate the remainder when 5147739 is divided by 7406.
569
Calculate the remainder when 719274399 is divided by 1022.
1019
Calculate the remainder when 418341 is divided by 79.
36
What is the remainder when 18974401 is divided by 364892?
17
Calculate the remainder when 64622127 is divided by 189.
3
Calculate the remainder when 9366995 is divided by 1764.
155
What is the remainder when 25645225 is divided by 1119?
1102
Calculate the remainder when 108706 is divided by 35742.
1480
What is the remainder when 504237 is divided by 252111?
15
What is the remainder when 174158 is divided by 283?
113
Calculate the remainder when 39738677 is divided by 199.
168
What is the remainder when 227480 is divided by 1191?
1190
What is the remainder when 282936 is divided by 70467?
1068
Calculate the remainder when 725208 is divided by 362571.
66
Calculate the remainder when 5382335 is divided by 42.
35
What is the remainder when 43425691 is divided by 638613?
7
Calculate the remainder when 896243 is divided by 1133.
40
What is the remainder when 321806 is divided by 182?
30
Calculate the remainder when 6478014 is divided by 331.
13
What is the remainder when 48705046 is divided by 328?
326
Calculate the remainder when 476980 is divided by 276.
52
Calculate the remainder when 192212 is divided by 192174.
38
Calculate the remainder when 1050973 is divided by 95530.
143
Calculate the remainder when 1860726 is divided by 122.
104
What is the remainder when 168813 is divided by 1622?
125
What is the remainder when 13437128 is divided by 28897?
23
What is the remainder when 9146348 is divided by 9333?
8
What is the remainder when 8010434 is divided by 375?
59
What is the remainder when 43997 is divided by 2503?
1446
Calculate the remainder when 975227 is divided by 5001.
32
Calculate the remainder when 4159924 is divided by 3320.
3284
What is the remainder when 36927557 is divided by 4120?
4117
Calculate the remainder when 24669364 is divided by 6528.
52
What is the remainder when 2412288 is divided by 137?
129
What is the remainder when 297624 is divided by 22884?
132
What is the remainder when 527413 is divided by 7?
5
Calculate the remainder when 47539 is divided by 4797.
4366
What is the remainder when 500852 is divided by 3170?
3162
What is the remainder when 114736 is divided by 114718?
18
What is the remainder when 4736133 is divided by 15377?
17
Calculate the remainder when 27215 is divided by 300.
215
What is the remainder when 224292 is divided by 1384?
84
Calculate the remainder when 20026165 is divided by 134.
133
What is the remainder when 94381272 is divided by 107?
103
What is the remainder when 240035 is divided by 210?
5
What is the remainder when 755483 is divided by 757?
754
Calculate the remainder when 3799163 is divided by 146119.
69
Calculate the remainder when 99838446 is divided by 4419.
4398
What is the remainder when 4988 is divided by 3387?
1601
Calculate the remainder when 3577592 is divided by 3673.
90
Calculate the remainder when 25259203 is divided by 91.
60
What is the remainder when 596032 is divided by 658?
542
Calculate the remainder when 26579637 is divided by 60.
57
What is the remainder when 483036 is divided by 592?
556
What is the remainder when 89029 is divided by 3178?
45
What is the remainder when 1523798 is divided by 3349?
3
Calculate the remainder when 66299203 is divided by 62.
61
What is the remainder when 8966192 is divided by 348?
320
Calculate the remainder when 660286 is divided by 543.
541
Calculate the remainder when 4516965 is divided by 10060.
25
Calculate the remainder when 84909794 is divided by 69.
50
What is the remainder when 253930 is divided by 651?
40
What is the remainder when 54061 is divided by 1476?
925
What is the remainder when 13431313 is div